
7
Let h = 26 - -44. Suppose -g + h = 9*g. What is the units digit of g?
7
Let z(h) be the second derivative of -h - 2*h**2 + 2*h**2 - h**2 + 2*h + h**3. What is the units digit of z(2)?
0
Let a(g) = -3*g**2 + 2*g - 4. Let k be a(3). Let j be (k/4)/(1/4). Let x = j + 52. What is the units digit of x?
7
Suppose 0 = s + k - 54, -4*k - 56 = -2*s + 82. Suppose 3*l - 13 = s. Suppose 0 = 3*n + 5*z - 78, -z - l = -n - 2*z. What is the tens digit of n?
2
Let q(f) = -f**3 - f**2 + 5*f - 3. Let o be q(-4). Suppose -5*c - o = 5*r - 105, -2*r = 5*c - 26. What is the tens digit of r?
1
Let d = -4102 - -6503. What is the hundreds digit of d?
4
Let o(h) = -h**2 - 7*h - 8. Let y be o(-5). Suppose y*s - 105 = 59. Suppose 0 = 4*g - s - 42. What is the units digit of g?
1
Let d = -32 - -37. Let u(a) = 4*a + 47. What is the tens digit of u(d)?
6
What is the thousands digit of ((-1 - -2) + 9 - 5) + 1090?
1
What is the hundreds digit of 5/((-20)/12) - -366?
3
Let t be (1 + -1 + 1)*17. Let f = t + -15. Suppose 2*z + f = 3*z. What is the units digit of z?
2
Suppose 0 = q + 3*q. Let z(t) = t - 4. Let v be z(5). Let g = q + v. What is the units digit of g?
1
Let d(g) = -g**2 + 2*g + 8. Let o be d(4). Suppose -4*z + 287 - 19 = o. What is the tens digit of z?
6
Suppose c - 2*d = 3578, -133*c + d - 7166 = -135*c. What is the tens digit of c?
8
Let a(h) = 7*h**2 + h - 9. Suppose 4*q + 28 = 4*z, -9 = z - 4*z - q. What is the tens digit of a(z)?
0
Let m be 137/9 - 8/36. Let t = 26 - m. Suppose 0 = 3*l - 5*h - 59, 5*h - 2 = -l + t. What is the units digit of l?
8
Let l(a) = -a**3 - a**2. Let k be l(-1). Suppose 5*q - 2*m - 90 = -6*m, 2*q = -5*m + 36. Suppose 5*h + q - 73 = k. What is the tens digit of h?
1
Let x(m) = m**3 - m**2 + 20*m + 5. What is the units digit of x(4)?
3
Let j = 326 - 204. What is the units digit of j?
2
What is the tens digit of (-28)/(-21)*(15222/12 - 7)?
8
Suppose 4 - 1 = s. Suppose -s*r + 95 = -5*o, -4*r + 4*o + o = -120. Let v = 44 - r. What is the tens digit of v?
1
Let t(r) = -r**3 - 9*r**2 - 10*r - 10. Let w = 8 + -16. What is the units digit of t(w)?
6
Suppose 3*g - 2*q = 2*g - 5, q = -5*g - 14. Let b be 2/g - 13/39. What is the tens digit of b/(-2*(-4)/(-216))?
2
Let s(l) be the second derivative of -l**3/3 + 7*l**2 - 4*l. Let q be s(5). Suppose 2*a - 4*h = h + 111, -4*h + q = 0. What is the tens digit of a?
5
Let w(d) = 3*d - 11. Let b(o) = -3*o - 10. Let j be b(-5). Let u = j - -1. What is the units digit of w(u)?
7
What is the thousands digit of ((-740)/(-259))/(-3*(-6)/10521)?
1
Let m be -3 + 5 + 3/3. Let h = m - -13. What is the units digit of h?
6
Let n = 976 - 116. What is the units digit of n?
0
Let n = 31 - 25. Let t(d) = 4*d**2 - 2*d - 1. Let y be t(-1). Let g = y + n. What is the tens digit of g?
1
Let g be 2/(-10) - (-2529)/45. Suppose -j = 2*o - 25, -o + 4*j = 4*o - g. What is the units digit of o?
2
Suppose 9*i = 6*i + 366. What is the units digit of i*(-1 - (-12)/8)?
1
Let p(m) = 72*m**3 + m**2 - m - 1. Let t be p(1). Let n = 118 - t. What is the units digit of n?
7
What is the tens digit of 504*(17/(-4) + 5)?
7
Let d(o) = 9*o**2 - 5*o + 68. What is the hundreds digit of d(6)?
3
Let n(r) = 101*r - 23. What is the tens digit of n(5)?
8
Let z = 6395 + -4539. What is the hundreds digit of z?
8
Let r(v) = 3*v**3 - 31*v**2 + 11*v - 9. Let h be r(10). What is the units digit of 5 + 42 + h + 3?
1
Let k(n) = 2*n**2 - 2*n + 1. Let b be k(1). What is the units digit of b*3*(-14)/(-42)?
1
Let y = 1357 - 744. What is the hundreds digit of y?
6
Let w(z) = z - 3. Let v be w(10). Let o(m) = m**2 - 5*m + 6. Let r be o(v). Suppose -a + r = n - 3*a, -3*n + 48 = -3*a. What is the units digit of n?
2
Let v = 1002 - -38. What is the tens digit of v?
4
Suppose 14*f + 309 = 9129. What is the tens digit of f?
3
Let b be (-2)/((15/(-66))/5). Suppose 4*x - 48 = 20. Let t = b - x. What is the tens digit of t?
2
Let p = -33 - -64. Let r = p + -9. Suppose -4*w + 6*w = r. What is the units digit of w?
1
Let o = 35 - 24. Let y = o + -8. Suppose 0 = a + 3*v - y - 29, -4*v = -12. What is the tens digit of a?
2
Let j(z) = 3 + 1 - 3 - z + 6*z**2. Let a be j(-2). What is the tens digit of (-9)/a - (-164)/6?
2
Let y(g) = g**3 + 11*g**2 - g - 28. What is the units digit of y(-8)?
2
Let w(b) = -b**3 - 5*b**2 - 4*b. Let o be w(-4). Suppose 2*s - i - 9 = o, s = i + i + 9. Suppose r + s*r - 172 = 0. What is the units digit of r?
3
Let w(t) = t**2 + 4. Let p = 8 - 8. Let d be w(p). Suppose -7*f + 48 = -3*f + 2*u, 0 = 2*f - d*u - 24. What is the tens digit of f?
1
Suppose -2*z - 71708 = -30*z. What is the tens digit of z?
6
Let m be (-1)/(3/(-405)) + 1. Let x = m - 6. What is the hundreds digit of x?
1
Let o(m) = 2*m**2 - 6*m + 6. Let p(v) be the first derivative of 2*v**3/3 - 7*v**2/2 + 7*v + 7. Let b(r) = 6*o(r) - 5*p(r). What is the units digit of b(4)?
9
Let m = -21 + 22. Suppose 2*z - 2 = 4*z, 0 = -4*l - 3*z + m. What is the units digit of (-176)/55*l*-10?
2
Suppose 0 = 7*p - 11*p + 12. Suppose -5*f + 0*f + 285 = p*d, -2*f = -d - 114. What is the units digit of f?
7
Suppose 0 = 3*q + 3*j + 27, -5*q + j + 2*j = 61. Let l = 28 + q. What is the tens digit of l?
1
Let h(p) = 2*p**3 - 3*p + 2*p + 4*p - 8*p**2 + 0 + 2. What is the tens digit of h(5)?
6
Let i = 619 - 464. What is the units digit of i?
5
Let w(u) = -2 - 3*u + 7*u + u. Let k be w(1). What is the tens digit of 60*(3/2)/k?
3
Let r(h) = h**3 + 15*h**2 - 40*h - 4. What is the units digit of r(-14)?
2
Let m(j) = -10*j - 27 + 3*j + 4*j**2 - 10*j. What is the hundreds digit of m(11)?
2
Let u = -61 + 74. Suppose 354 = u*w + 94. What is the tens digit of w?
2
Let a be 143/4 + (-3 - (-39)/12). What is the units digit of (2 - -1)*a + 2?
0
Let z(l) = 8*l**3 + 42*l**2 + l - 6. What is the units digit of z(-5)?
9
Let w(k) = k - 12. Let v be w(11). What is the units digit of v - 1/(2/(-196))?
7
Suppose k = 7*k - 12. What is the units digit of (-5508)/(-44) - (24/11 - k)?
5
Let a(u) = -77*u - 1. Let x be (-1 - 20/(-8))*4/(-6). What is the units digit of a(x)?
6
Let w = 7 + -7. What is the units digit of w + (-30)/(-7) - (-4)/(-14)?
4
Let s(q) = -4*q**2. Let y be 2*(-3)/12*2. Let w be s(y). What is the tens digit of (-5 - 28)/(6/w)?
2
Let k be (-8 - -617)*(3 - 2). Let g = -327 + k. What is the hundreds digit of g?
2
What is the thousands digit of (-10581)/(-5)*(-385)/(-231)?
3
Suppose -4*t - 4 = 0, 3*n - 4*t = n + 184. Let l = -20 + n. What is the tens digit of l?
7
Let t = 465 + -204. What is the units digit of t?
1
Let s be (-110)/(-8) - (-18)/(-24). Let r(v) = v**2 - 10*v + 7. What is the units digit of r(s)?
6
Suppose -33*n - 33 = -34*n. Suppose n*c + 572 = 37*c. What is the hundreds digit of c?
1
Suppose 28*l + 5734 = 55238. What is the tens digit of l?
6
Let t = 368 - -261. What is the tens digit of t?
2
Suppose 4*s - 11 = 1. Suppose 2*m - 3*m + 1 = 4*c, 4*c + 3 = s*m. Suppose 4*v = 2*z + 6, 4*z - v - m = z. What is the units digit of z?
1
Let z(p) = -p**2 + 6*p - 12. Suppose -u = -4*u + 15. Let w be z(u). Let s = 8 + w. What is the units digit of s?
1
Let t(b) = 335*b**2 - 7*b - 7. What is the units digit of t(-4)?
1
Let t(o) be the first derivative of -o**5/40 + o**4/8 - 7*o**3/3 + 3. Let l(s) be the third derivative of t(s). What is the units digit of l(-5)?
8
Let b(q) = 99*q + 8. Let m be b(6). Suppose -k - m = -15*k. What is the units digit of k?
3
Let l(s) be the third derivative of -3*s**4/4 - s**3/6 - 4*s**2. Let y be l(1). Let z = y - -46. What is the units digit of z?
7
Suppose 2*y = -4*a - 88, -3*y - 26 = 5*a + 103. What is the units digit of -2*1 - (-5 + -2 + y)?
3
Suppose -2*x - 960 = 2*h, -3*x + 2400 = -h - 4*h. What is the units digit of ((-8)/(-10))/((-8)/h)?
8
What is the tens digit of 214*3 - (-104 + 99)?
4
Suppose -l + 2*p = -3*l - 10, -5*p + 15 = l. Let h = 58 - l. What is the tens digit of h?
6
Suppose -7*w - 9*w + 25248 = 0. What is the units digit of w?
8
What is the tens digit of (-437)/(-5) + (-4)/10?
8
Suppose v = -2*x - v, -5*v - 10 = 3*x. Let q be (-76)/(-10) + (-2)/(-5). Let o = q - x. What is the units digit of o?
3
Let r(g) be the second derivative of -5*g**3/3 + 37*g**2/2 + 25*g - 2. What is the units digit of r(3)?
7
Suppose -7*q - 4*a + 36 = -3*q, -3*q + 31 = 4*a. Suppose -3*w - q*w 